{"id":2,"date":"2016-05-10T03:48:21","date_gmt":"2016-05-10T03:48:21","guid":{"rendered":"https:\/\/msztrk.com\/?page_id=2"},"modified":"2023-05-27T11:17:06","modified_gmt":"2023-05-27T11:17:06","slug":"sample-page","status":"publish","type":"page","link":"https:\/\/msztrk.com\/","title":{"rendered":"&#8230;"},"content":{"rendered":"<p>Ho\u015f geldiniz \ud83d\ude42<\/p>\n<p>G\u00fcncel sosyoekonomik ve politik geli\u015fmeleri ele almaya ve \u00f6zellikle de makroekonomik analizler, haberler ve ara\u015ft\u0131rmalara burada yer vermeye \u00e7al\u0131\u015f\u0131yorum.<\/p>\n<p>Ekonomik geli\u015fmeleri takip etmek, makroekonomi hakk\u0131nda bilgi edinmek ve etkile\u015fim ortam\u0131 sa\u011flamak i\u00e7in do\u011fru yerlerden birindesiniz.<\/p>\n<p>Hepimiz fark\u0131nday\u0131z ki T\u00fcrkiye, dinamik ve b\u00fcy\u00fcme potansiyeli y\u00fcksek bir \u00fclke ve ekonomidir. Sanayi sekt\u00f6r\u00fc potansiyeli, gen\u00e7 ve dinamik n\u00fcfusu ve stratejik konumuyla \u00f6n plana \u00e7\u0131kmaktad\u0131r. Ancak son y\u0131llarda uygulanan politikalar \u00fclkemizin bu potansiyelinden uzakla\u015fmas\u0131na neden olmaktad\u0131r.<\/p>\n<p>T\u00fcrkiye ekonomisi, \u00e7e\u015fitli makroekonomik sorunlarla kar\u015f\u0131 kar\u015f\u0131yad\u0131r. Bu sorunlar aras\u0131nda y\u00fcksek enflasyon, y\u00fcksek i\u015fsizlik oran\u0131, d\u00fc\u015f\u00fck ekonomik b\u00fcy\u00fcme, cari a\u00e7\u0131k ve d\u00f6viz kurlar\u0131ndaki oynakl\u0131k gibi fakt\u00f6rler yer almaktad\u0131r. Bu sorunlar, ekonomik istikrar, s\u00fcrd\u00fcr\u00fclebilir b\u00fcy\u00fcme ve refah d\u00fczeyinin sa\u011flanmas\u0131 a\u00e7\u0131s\u0131ndan \u00f6nemli zorluklar ortaya \u00e7\u0131karmaktad\u0131r.<\/p>\n<p>T\u00fcrkiye, potansiyelini art\u0131rmak ve s\u00fcrd\u00fcr\u00fclebilir b\u00fcy\u00fcmeyi sa\u011flamak i\u00e7in yap\u0131sal reformlara odaklanmal\u0131, g\u00fc\u00e7l\u00fc bir ekonomik yap\u0131 kurmak \u00fczere g\u00fcven ortam\u0131n\u0131 sa\u011flamal\u0131d\u0131r. Bu noktada akademik bak\u0131\u015f a\u00e7\u0131s\u0131 \u00f6ne \u00e7\u0131kmaktad\u0131r. Zira, akademik yakla\u015f\u0131m, bu makroekonomik sorunlar\u0131n analiz edilmesi, anla\u015f\u0131lmas\u0131 ve \u00e7\u00f6z\u00fcm\u00fc i\u00e7in b\u00fcy\u00fck \u00f6nem ta\u015f\u0131maktad\u0131r. Ekonomi bilimi, bu sorunlar\u0131 anlamak ve etkili \u00e7\u00f6z\u00fcmler \u00fcretmek i\u00e7in teorik \u00e7er\u00e7eveler, modeller ve analitik ara\u00e7lar sunmaktad\u0131r.<\/p>\n<p>Ekonomik a\u00e7\u0131dan akademik yakla\u015f\u0131m\u0131n \u00f6nemi, \u015fu noktalarda yatmaktad\u0131r:<\/p>\n<ol>\n<li>Sorunlar\u0131n Analizi: Akademik yakla\u015f\u0131m, makroekonomik sorunlar\u0131n analizinde objektif ve bilimsel bir temel sunar. Ekonomistler, verileri analiz ederek sorunlar\u0131n k\u00f6kenlerini, etkilerini ve ili\u015fkilerini anlamaya \u00e7al\u0131\u015f\u0131r. Bu sayede, sorunlar\u0131n daha iyi anla\u015f\u0131lmas\u0131 ve etkili politika \u00f6nerilerinin geli\u015ftirilmesi sa\u011flan\u0131r.<\/li>\n<li>Politika \u00d6nerileri: Akademik \u00e7al\u0131\u015fmalar, ekonomik politikalar\u0131n belirlenmesi ve uygulanmas\u0131 a\u00e7\u0131s\u0131ndan \u00f6nemli bir rol oynar. Makroekonomik sorunlar\u0131n \u00e7\u00f6z\u00fcm\u00fc i\u00e7in yap\u0131lan akademik ara\u015ft\u0131rmalar, politika yap\u0131c\u0131lar ve karar vericiler i\u00e7in de\u011ferli bir kaynak sa\u011flar. Bu \u00e7al\u0131\u015fmalar, politika \u00f6nerileri sunarak ekonomik istikrar\u0131n sa\u011flanmas\u0131, b\u00fcy\u00fcmenin te\u015fvik edilmesi ve toplumsal refah\u0131n art\u0131r\u0131lmas\u0131 konular\u0131nda rehberlik eder.<\/li>\n<li>E\u011fitim ve Bilgi Payla\u015f\u0131m\u0131: Akademik yakla\u015f\u0131m, ekonomi e\u011fitimi ve bilgi payla\u015f\u0131m\u0131 a\u00e7\u0131s\u0131ndan da b\u00fcy\u00fck \u00f6nem ta\u015f\u0131r. \u00dcniversiteler ve ara\u015ft\u0131rma kurumlar\u0131, ekonomi alan\u0131nda uzmanla\u015fm\u0131\u015f akademisyenler yeti\u015ftirir ve yeni bilgiler \u00fcretir. Bu bilgi ve uzmanl\u0131k, gen\u00e7 nesillerin e\u011fitimi ve gelecekteki ekonomistlerin yeti\u015fmesi i\u00e7in kritik bir rol oynar.<\/li>\n<li>Uzun Vadeli Perspektif: Akademik yakla\u015f\u0131m, uzun vadeli ekonomik perspektifin korunmas\u0131na yard\u0131mc\u0131 olur. Makroekonomik sorunlar\u0131n \u00e7\u00f6z\u00fcm\u00fc genellikle h\u0131zl\u0131 ve ge\u00e7ici \u00f6nlemlerle sa\u011flanamaz. Akademisyenler, uzun vadeli etkileri ve s\u00fcrd\u00fcr\u00fclebilir \u00e7\u00f6z\u00fcmleri dikkate alarak, daha sa\u011flam ekonomik politikalar\u0131n olu\u015fturulmas\u0131na katk\u0131da bulunurlar.<\/li>\n<\/ol>\n<p>Sonu\u00e7 olarak, T\u00fcrkiye ekonomisindeki makroekonomik sorunlarla ba\u015fa \u00e7\u0131kabilmek i\u00e7in akademik yakla\u015f\u0131m\u0131n \u00f6nemi b\u00fcy\u00fckt\u00fcr. Ekonomi bilimi, bu sorunlar\u0131n analiz edilmesi, politika \u00f6nerilerinin sunulmas\u0131, e\u011fitim ve bilgi payla\u015f\u0131m\u0131 ile uzun vadeli perspektifin korunmas\u0131 gibi konularda \u00f6nemli bir rol oynamaktad\u0131r. Akademik \u00e7al\u0131\u015fmalar\u0131n sa\u011flad\u0131\u011f\u0131 bilimsel ve objektif yakla\u015f\u0131m, ekonomik istikrar\u0131n sa\u011flanmas\u0131 ve s\u00fcrd\u00fcr\u00fclebilir bir ekonomi i\u00e7in vazge\u00e7ilmezdir.<\/p>\n<p>Bu blog sitesinde de &#8220;faydal\u0131 olabilme&#8221; gayretiyle ve olabildi\u011fince akademik bak\u0131\u015f a\u00e7\u0131s\u0131yla sorunlar g\u00fcndeme getirilmekte ve olas\u0131 \u00e7\u00f6z\u00fcmler \u00fczerine de\u011ferlendirmeler yap\u0131lmaya \u00e7al\u0131\u015f\u0131lmaktad\u0131r.<\/p>\n<blockquote>\n<ol>\n<li>John Maynard Keynes: &#8220;In the long run, we are all dead.&#8221;<\/li>\n<\/ol>\n<\/blockquote>\n<p>&#8230;<\/p>\n","protected":false},"excerpt":{"rendered":"<p>Ho\u015f geldiniz \ud83d\ude42 G\u00fcncel sosyoekonomik ve politik geli\u015fmeleri ele almaya ve \u00f6zellikle de makroekonomik analizler, haberler ve ara\u015ft\u0131rmalara burada yer vermeye \u00e7al\u0131\u015f\u0131yorum. Ekonomik geli\u015fmeleri takip etmek, makroekonomi hakk\u0131nda bilgi edinmek ve etkile\u015fim ortam\u0131 sa\u011flamak i\u00e7in do\u011fru yerlerden birindesiniz. Hepimiz fark\u0131nday\u0131z ki T\u00fcrkiye, dinamik ve b\u00fcy\u00fcme potansiyeli y\u00fcksek bir \u00fclke ve ekonomidir. Sanayi sekt\u00f6r\u00fc potansiyeli, gen\u00e7 &hellip; <a href=\"https:\/\/msztrk.com\/\" class=\"more-link\">Okumaya devam et <span class=\"screen-reader-text\">&#8230;<\/span><\/a><\/p>\n","protected":false},"author":1,"featured_media":0,"parent":0,"menu_order":0,"comment_status":"closed","ping_status":"open","template":"","meta":{"footnotes":""},"_links":{"self":[{"href":"https:\/\/msztrk.com\/index.php?rest_route=\/wp\/v2\/pages\/2"}],"collection":[{"href":"https:\/\/msztrk.com\/index.php?rest_route=\/wp\/v2\/pages"}],"about":[{"href":"https:\/\/msztrk.com\/index.php?rest_route=\/wp\/v2\/types\/page"}],"author":[{"embeddable":true,"href":"https:\/\/msztrk.com\/index.php?rest_route=\/wp\/v2\/users\/1"}],"replies":[{"embeddable":true,"href":"https:\/\/msztrk.com\/index.php?rest_route=%2Fwp%2Fv2%2Fcomments&post=2"}],"version-history":[{"count":9,"href":"https:\/\/msztrk.com\/index.php?rest_route=\/wp\/v2\/pages\/2\/revisions"}],"predecessor-version":[{"id":99,"href":"https:\/\/msztrk.com\/index.php?rest_route=\/wp\/v2\/pages\/2\/revisions\/99"}],"wp:attachment":[{"href":"https:\/\/msztrk.com\/index.php?rest_route=%2Fwp%2Fv2%2Fmedia&parent=2"}],"curies":[{"name":"wp","href":"https:\/\/api.w.org\/{rel}","templated":true}]}}